tors of 577.
577
What are the prime factors of 37592?
2, 37, 127
What are the prime factors of 854?
2, 7, 61
List the prime factors of 34002.
2, 3, 1889
List the prime factors of 1618.
2, 809
List the prime factors of 2619.
3, 97
List the prime factors of 10350.
2, 3, 5, 23
What are the prime factors of 6474?
2, 3, 13, 83
List the prime factors of 915.
3, 5, 61
What are the prime factors of 2114?
2, 7, 151
List the prime factors of 32663.
89, 367
List the prime factors of 91253.
91253
List the prime factors of 5370.
2, 3, 5, 179
List the prime factors of 3149.
47, 67
What are the prime factors of 2135?
5, 7, 61
List the prime factors of 1954.
2, 977
List the prime factors of 38008.
2, 4751
List the prime factors of 2647.
2647
List the prime factors of 584.
2, 73
What are the prime factors of 20082?
2, 3, 3347
What are the prime factors of 782?
2, 17, 23
What are the prime factors of 455?
5, 7, 13
What are the prime factors of 673?
673
What are the prime factors of 4211?
4211
List the prime factors of 39142.
2, 19571
What are the prime factors of 7945?
5, 7, 227
What are the prime factors of 28227?
3, 97
What are the prime factors of 8332?
2, 2083
List the prime factors of 2155.
5, 431
What are the prime factors of 26453?
7, 3779
List the prime factors of 84056.
2, 7, 19, 79
What are the prime factors of 15808?
2, 13, 19
What are the prime factors of 1215?
3, 5
What are the prime factors of 37610?
2, 5, 3761
List the prime factors of 183140.
2, 5, 9157
List the prime factors of 2278.
2, 17, 67
List the prime factors of 5524.
2, 1381
List the prime factors of 8120.
2, 5, 7, 29
List the prime factors of 938.
2, 7, 67
List the prime factors of 9646.
2, 7, 13, 53
List the prime factors of 753.
3, 251
What are the prime factors of 26558?
2, 7, 271
What are the prime factors of 1422?
2, 3, 79
List the prime factors of 106206.
2, 3, 31, 571
What are the prime factors of 75906?
2, 3, 4217
What are the prime factors of 6537?
3, 2179
What are the prime factors of 9281?
9281
List the prime factors of 73074.
2, 3, 19, 641
What are the prime factors of 6933?
3, 2311
What are the prime factors of 70832?
2, 19, 233
List the prime factors of 23567.
23567
What are the prime factors of 610?
2, 5, 61
What are the prime factors of 10522?
2, 5261
What are the prime factors of 134246?
2, 7, 43, 223
List the prime factors of 13401.
3, 1489
What are the prime factors of 8087?
8087
List the prime factors of 101.
101
What are the prime factors of 527?
17, 31
What are the prime factors of 614?
2, 307
What are the prime factors of 7797?
3, 23, 113
List the prime factors of 46657.
13, 37, 97
List the prime factors of 548.
2, 137
What are the prime factors of 34080?
2, 3, 5, 71
List the prime factors of 32259.
3, 10753
What are the prime factors of 7524?
2, 3, 11, 19
List the prime factors of 16761.
3, 37, 151
List the prime factors of 5871.
3, 19, 103
List the prime factors of 2028.
2, 3, 13
List the prime factors of 80475.
3, 5, 29, 37
List the prime factors of 150934.
2, 7, 10781
What are the prime factors of 1106?
2, 7, 79
What are the prime factors of 2445?
3, 5, 163
List the prime factors of 193.
193
List the prime factors of 2337.
3, 19, 41
List the prime factors of 3545.
5, 709
List the prime factors of 1042.
2, 521
List the prime factors of 7974.
2, 3, 443
What are the prime factors of 54614?
2, 7, 47, 83
What are the prime factors of 62664?
2, 3, 7, 373
What are the prime factors of 79845?
3, 5, 5323
List the prime factors of 617.
617
List the prime factors of 62358.
2, 3, 19, 547
What are the prime factors of 287?
7, 41
List the prime factors of 72143.
19, 3797
List the prime factors of 406.
2, 7, 29
List the prime factors of 1714.
2, 857
What are the prime factors of 335?
5, 67
List the prime factors of 25008.
2, 3, 521
List the prime factors of 441.
3, 7
What are the prime factors of 789?
3, 263
List the prime factors of 2988.
2, 3, 83
What are the prime factors of 809?
809
What are the prime factors of 4198?
2, 2099
List the prime factors of 952.
2, 7, 17
List the prime factors of 598.
2, 13, 23
What are the prime factors of 4985?
5, 997
List the prime factors of 491.
491
What are the prime factors of 4763?
11, 433
What are the prime factors of 1520?
2, 5, 19
List the prime factors of 3914.
2, 19, 103
What are the prime factors of 32586?
2, 3, 5431
What are the prime factors of 19933?
31, 643
List the prime factors of 35116.
2, 8779
List the prime factors of 93944.
2, 11743
List the prime factors of 86021.
13, 509
List the prime factors of 2257.
37, 61
List the prime factors of 3276.
2, 3, 7, 13
List the prime factors of 99342.
2, 3, 5519
What are the prime factors of 37671?
3, 29, 433
List the prime factors of 13271.
23, 577
List the prime factors of 719.
719
What are the prime factors of 29158?
2, 61, 239
What are the prime factors of 7883?
7883
List the prime factors of 3730.
2, 5, 373
List the prime factors of 22810.
2, 5, 2281
List the prime factors of 21791.
7, 11, 283
What are the prime factors of 1015?
5, 7, 29
List the prime factors of 21256.
2, 2657
What are the prime factors of 2270?
2, 5, 227
What are the prime factors of 277?
277
What are the prime factors of 1980?
2, 3, 5, 11
What are the prime factors of 1334?
2, 23, 29
What are the prime factors of 136270?
2, 5, 13627
List the prime factors of 10630.
2, 5, 1063
List the prime factors of 38185.
5, 7, 1091
List the prime factors of 79952.
2, 19, 263
What are the prime factors of 7831?
41, 191
List the prime factors of 5600.
2, 5, 7
List the prime factors of 50575.
5, 7, 17
List the prime factors of 76119.
3, 25373
What are the prime factors of 811?
811
What are the prime factors of 16667?
7, 2381
What are the prime factors of 37001?
163, 227
What are the prime factors of 1228?
2, 307
What are the prime factors of 3317?
31, 107
What are the prime factors of 57988?
2, 7, 19, 109
What are the prime factors of 8671?
13, 23, 29
What are the prime factors of 7039?
7039
What are the prime factors of 106662?
2, 3, 29, 613
What are the prime factors of 532?
2, 7, 19
List the prime factors of 70428.
2, 3, 5869
List the prime factors of 90181.
7, 13, 991
List the prime factors of 4019.
4019
What are the prime factors of 5981?
5981
List the prime factors of 2323.
23, 101
What are the prime factors of 15746?
2, 7873
What are the prime factors of 12366?
2, 3, 229
What are the prime factors of 47156?
2, 11789
What are the prime factors of 3175?
5, 127
What are the prime factors of 1630?
2, 5, 163
List the prime factors of 6143.
6143
What are the prime factors of 57163?
57163
What are the prime factors of 493?
17, 29
What are the prime factors of 817?
19, 43
What are the prime factors of 10537?
41, 257
What are the prime factors of 4222?
2, 2111
What are the prime factors of 689?
13, 53
What are the prime factors of 981?
3, 109
List the prime factors of 1509.
3, 503
What are the prime factors of 897?
3, 13, 23
List the prime factors of 3651.
3, 1217
What are the prime factors of 3702?
2, 3, 617
List the prime factors of 9520.
2, 5, 7, 17
What are the prime factors of 12975?
3, 5, 173
List the prime factors of 32624.
2, 2039
What are the prime factors of 2113?
2113
What are the prime factors of 47707?
11, 4337
List the prime factors of 196.
2, 7
What are the prime factors of 582?
2, 3, 97
What are the prime factors of 44820?
2, 3, 5, 83
What are the prime factors of 8144?
2, 509
What are the prime factors of 22535?
5, 4507
What are the prime factors of 53504?
2, 11, 19
List the prime factors of 14526.
2, 3, 269
What are the prime factors of 4029?
3, 17, 79
List the prime factors of 124.
2, 31
What are the prime factors of 2548?
2, 7, 13
What are the prime factors of 1014?
2, 3, 13
What are the prime factors of 32840?
2, 5, 821
What are the prime factors of 7326?
2, 3, 11, 37
What are the prime factors of 810?
2, 3, 5
List the prime factors of 1949.
1949
What are the prime factors of 56678?
2, 17, 1667
What are the prime factors of 2822?
2, 17, 83
List the prime factors of 2694.
2, 3, 449
List the prime factors of 5838.
2, 3, 7, 139
What are the prime factors of 76?
2, 19
List the prime factors of 4078.
2, 2039
What are the prime factors of 11656?
2, 31, 47
List the prime factors of 11375.
5, 7, 13
What are t